Let o(m) = 1026*m - 189574. Calculate o(185).
236
Let r(s) = 78*s + 4587. Determine r(-50).
687
Let z(b) = -42729*b - 213149. Determine z(-5).
496
Let c(q) = q**3 + 9*q**2 - 1365*q - 12310. Give c(-9).
-25
Let w(d) = -10569*d + 74517. Calculate w(7).
534
Let f(c) = -c**2 + 42969*c + 108. Calculate f(0).
108
Let k(a) = 117*a**2 - 2*a - 22. Give k(-2).
450
Let b(h) = h**3 - 137*h**2 + 90*h - 31432. Determine b(138).
32
Let x(g) = -2*g**3 + 224*g**2 + 161*g + 7351. What is x(113)?
6
Let m(i) = -i**3 - 26*i**2 + 725*i - 821. Give m(-43).
-563
Let u(j) = 65906*j - 263629. Calculate u(4).
-5
Let y(q) = -q**3 - 10*q**2 + 37*q + 357. Give y(-11).
71
Let d(z) = 3*z**2 - 2*z + 116. What is d(7)?
249
Let u(q) = q**3 + 20*q**2 - 3621*q - 5. Calculate u(51).
-5
Let p(r) = 3*r**2 + 323*r + 6792. Determine p(-79).
-2
Let u(b) = -61*b**2 + 17018*b + 338. Calculate u(279).
59
Let z(s) = 440*s + 2954. Give z(-6).
314
Let h(c) = -c**3 - 10*c**2 - 339*c - 2959. Calculate h(-9).
11
Let f(h) = 40*h**2 - 305*h - 7467. Calculate f(18).
3
Let l(i) = -12*i**2 + 1892*i + 8425. Calculate l(162).
1
Let c(j) = 809*j**2 + 194948*j - 5062. Determine c(-241).
-1
Let v(p) = 28*p**3 + 36*p**2 + 89*p + 466. Calculate v(-6).
-4820
Let u(v) = v**3 + 4*v**2 - 407*v - 1663. Calculate u(-4).
-35
Let a(f) = -2*f**2 + 2216*f + 38223. Give a(-17).
-27
Let w(d) = d**2 + 139*d + 3605. Give w(-93).
-673
Let s(g) = -205735*g - 411514. Give s(-2).
-44
Let j(a) = 2*a**3 - 53*a**2 - 311*a + 13. Give j(-5).
-7
Let w(i) = -96*i + 22677. Give w(242).
-555
Let k(z) = -23*z**2 - 2909*z - 30358. Calculate k(-115).
2
Let y(f) = 109*f**3 - 2*f**2 - 5*f + 5. Give y(2).
859
Let a(b) = 14000*b - 980000. Give a(70).
0
Let d(l) = -16*l**2 + 28503*l + 171582. Give d(-6).
-12
Let u(h) = -5585*h - 5300151. Give u(-949).
14
Let g(l) = 272*l - 16350. Determine g(61).
242
Let d(u) = 4*u**2 + 113*u - 68. Calculate d(-29).
19
Let r(h) = -94*h**2 - 5840*h - 93. What is r(-62)?
651
Let f(h) = 21*h**3 - 423*h**2 + 460*h - 34. Determine f(19).
42
Let v(g) = 17290*g - 14765655. What is v(854)?
5
Let y(n) = -20*n**2 + 144*n - 40. Calculate y(10).
-600
Let g(c) = -5*c**2 - 412*c - 481. Determine g(-81).
86
Let a(d) = -666*d - 67203. Give a(-101).
63
Let a(q) = -q**3 + 3*q**2 + 12*q - 47. Give a(9).
-425
Let y(h) = -3972*h - 381306. Determine y(-96).
6
Let a(k) = 2*k**2 - 3104*k + 43083. Calculate a(14).
19
Let f(m) = -3*m**2 - 771*m + 13761. Calculate f(17).
-213
Let g(z) = -760*z + 44013. Give g(58).
-67
Let g(x) = -366*x - 599. Calculate g(2).
-1331
Let u(l) = 4*l**3 - 5*l**2 + 793*l + 2377. Give u(-3).
-155
Let c(o) = 61*o - 3732. Give c(62).
50
Let n(d) = 4*d**2 + 737*d - 42396. What is n(46)?
-30
Let i(s) = -3*s**2 + 2035*s - 32530. Give i(662).
-92
Let p(f) = -11*f**2 - 4977*f + 24879. Give p(5).
-281
Let q(s) = 2*s**3 - 14*s**2 + 25*s + 445. Calculate q(-4).
-7
Let m(d) = 61827*d + 370992. What is m(-6)?
30
Let a(j) = 299349*j + 3592191. What is a(-12)?
3
Let v(p) = -26*p**2 - 350*p + 690. What is v(2)?
-114
Let f(g) = -g**2 - 31153*g - 2888574. Determine f(-93).
6
Let m(u) = -2*u**3 + 31*u**2 - 17*u + 386. Give m(10).
1316
Let h(d) = -1415*d**3 - 2*d**2 + d. What is h(1)?
-1416
Let y(n) = -278*n + 5957. Calculate y(23).
-437
Let k(n) = -370*n**2 + 4582*n - 1653. What is k(12)?
51
Let n(g) = -5*g**3 - 129*g**2 - 108*g - 230. What is n(-25)?
-30
Let g(r) = 773*r - 45180. Give g(58).
-346
Let z(u) = u**2 + 69*u - 927. Calculate z(15).
333
Let n(z) = -1246*z - 6457. Calculate n(-5).
-227
Let s(q) = q**2 - 214*q + 6031. What is s(31)?
358
Let q(l) = -4664*l - 1739663. Give q(-373).
9
Let b(h) = 447*h - 754. What is b(6)?
1928
Let o(g) = -99*g + 11436. Calculate o(100).
1536
Let u(z) = -47362*z + 189519. Give u(4).
71
Let j(q) = 11*q**2 - 5668*q + 191112. Determine j(479).
-9
Let j(w) = w**3 + 48*w**2 + 541*w - 142. Give j(-19).
48
Let l(x) = 2*x**3 + 4*x**2 + 18*x - 82. Give l(3).
62
Let o(g) = -2*g**3 - 282*g**2 + 284*g + 196. What is o(-142)?
196
Let r(h) = 526*h**2 + 3561*h - 792. Give r(-7).
55
Let u(n) = n**3 - 43*n**2 + 8*n - 757. What is u(0)?
-757
Let g(x) = 71555*x - 143113. Give g(2).
-3
Let r(d) = 176*d**2 + 1245*d + 90. Give r(-7).
-1
Let f(n) = -19*n**3 + 209*n**2 + 10*n - 22. Determine f(11).
88
Let q(x) = -x**2 + 32504*x + 520326. Determine q(-16).
6
Let h(l) = 85*l**2 + 58*l + 43. Calculate h(-2).
267
Let o(c) = 2*c**3 - 152*c**2 - 229*c + 17441. What is o(76)?
37
Let i(t) = 5*t**2 - 286*t + 1408. Give i(51).
-173
Let q(w) = -53*w - 3048. Give q(-39).
-981
Let c(k) = 36*k**2 + 3552*k - 8499. What is c(-101)?
-15
Let v(w) = -6*w**3 + 131*w**2 + 759*w - 16229. Give v(22).
-15
Let q(r) = -7*r**2 + 1297*r + 1737. Give q(186).
807
Let d(b) = 139*b**3 + 14*b**2 + 61*b + 54. What is d(-1)?
-132
Let v(k) = 1558*k - 6476. Determine v(5).
1314
Let w(t) = t**3 - 10*t**2 + 471*t - 4671. Give w(10).
39
Let f(k) = -k**3 - 356*k**2 + 3309*k + 8739. Calculate f(-365).
-21
Let f(r) = -19183*r - 172656. What is f(-9)?
-9
Let l(n) = n**3 - 58*n**2 - 7083*n + 351. Calculate l(118).
-3
Let p(t) = 55*t**3 + 4340*t**2 - 348*t + 3711. Give p(-79).
-2
Let d(a) = -11*a**3 + 1222*a**2 - 106*a - 589. Determine d(111).
-34
Let j(v) = 82*v**3 - 4*v**2 - 147*v - 564. Give j(-4).
-5288
Let z(h) = 2*h**2 - 23187*h - 557671. What is z(-24)?
-31
Let b(q) = 603*q**2 - 3037*q - 75. What is b(5)?
-185
Let u(w) = 7*w**3 + 15*w**2 - 60*w + 21. Determine u(3).
165
Let f(o) = -o**3 - 14*o**2 - 112254*o - 1459130. What is f(-13)?
3
Let f(q) = 6683*q - 427683. Determine f(64).
29
Let b(d) = -8060*d + 81232. Determine b(10).
632
Let c(v) = 2924*v - 330409. Determine c(113).
3
Let w(h) = h**2 - 24*h - 5042. What is w(84)?
-2
Let d(r) = 17*r**2 - 42*r + 538. Determine d(13).
2865
Let l(a) = 381*a - 4026. What is l(12)?
546
Let l(h) = 255*h**2 + 26028*h + 1836. What is l(-102)?
0
Let d(i) = -i**2 - 71*i + 244. What is d(-76)?
-136
Let n(w) = 11972*w + 227393. What is n(-19)?
-75
Let x(y) = 10*y**2 - 442*y - 1091. Give x(41).
-2403
Let b(g) = 2*g**3 - 1753*g**2 - 15051*g + 5346. What is b(885)?
36
Let x(l) = -11*l**2 + 2266*l + 2070. Determine x(208).
-2506
Let a(x) = -x**2 - 208*x - 7378. Calculate a(-50).
522
Let a(n) = -2*n**2 + 289*n - 340. Calculate a(145).
-485
Let t(j) = -1301*j - 31101. What is t(-24)?
123
Let j(q) = -8*q**2 - 1212*q - 1430. Give j(-151).
-826
Let i(p) = 2*p**3 + 712*p**2 + 715*p + 2040. What is i(-355)?
265
Let j(i) = i**2 + 565*i + 72972. What is j(-199)?
138
Let x(t) = -3*t**3 - t**2 + 407*t - 372. Determine x(11).
-9
Let r(w) = 4*w**3 + 59*w**2 - 35*w - 338. What is r(-15)?
-38
Let l(u) = u**2 - 263*u - 12064. Calculate l(-40).
56
Let l(o) = -45*o**2 - 57717*o + 80890. What is l(-1284)?
-2
Let p(x) = -49*x**2 - 396*x + 21. Determine p(-8).
53
Let c(s) = 270*s**2 - 18632*s + 194. Determine c(69).
56
Let d(l) = 9*l**3 + 37*l**2 + 41*l - 72. Calculate d(-3).
-105
Let i(o) = -16*o**2 + 78*o + 4768. What is i(-15)?
-2
Let z(s) = -901*s + 11440. Calculate z(14).
-1174
Let m(b) = -76747*b - 4374585. What is m(-57)?
-6
Let y(d) = -d**3 + 452*d**2 + 5572*d - 1855. Determine y(464).
1
Let q(l) = 484*l - 53860. What is q(112)?
348
Let j(m) = m**2 + 128*m + 2876. What is j(-35)?
-379
Let f(r) = -56*r**2 - 392*r - 25. Determine f(-12).
-3385
Let p(q) = q**3 - 46*q**2 - 398*q + 263. Determine p(-8).
-9
Let k(x) = 4705*x + 258779. Determine k(-55).
4
Let i(n) = -n**3 - 126*n**2 + 315*n - 123. Determine i(2).
-5
Let k(v) = -2*v**3 - 224*v**2 - 222*v + 137. Determine k(-111).
137
Let m(o) = o**3 + 103*o**2 + 1081*o - 1353. Calculate m(-91).
-352
Let s(r) = -80669*r - 645366. What is s(-8)?
-14
Let b(a) = -12*a**3 - 2376*a**2 - 28*a - 5553. Give b(-198).
-9
Let z(i) = 33*i - 1027. Give z(36).
161
Let t(k) = -61203*k**2 + 306002*k + 66. What is t(5)?
1
Let v(o) = o**2 + 485*o + 16904. Calculate v(-447).
-82
Let b(j) = 16*j**2 + 214*j - 1274. What is b(-18)?
58
Let t(n) = 97*n + 14289. Calculate t(-147).
30
Let j(d) = -10854*d + 2377031. What is j(219)?
5
Let d(x) = 6*x**3 - 193*x**2 + 22*x + 824. Give d(32).
504
Let z(j) = 81*j + 1394. Calculate z(-33).
-1279
Let k(n) = 6*n**3 - 1289*n**2 - 1266*n + 21. Give k(-1).
-8
Let c(z) = -129*z - 1615. Give c(-13).
62
Let s(u) = -3*u**2 + 86*u + 2058. Determine s(-20).
-862
Let s(x) = 2010060*x